{"id":170,"date":"2024-04-04T10:24:34","date_gmt":"2024-04-04T08:24:34","guid":{"rendered":"https:\/\/homerne.hs.duth.gr\/?page_id=170"},"modified":"2024-04-04T10:24:35","modified_gmt":"2024-04-04T08:24:35","slug":"useful-links","status":"publish","type":"page","link":"https:\/\/homerne.hs.duth.gr\/index.php\/useful-links\/","title":{"rendered":"Useful links"},"content":{"rendered":"\n<p>\n    <strong>City of Alexandroupolis<\/strong>\n<\/p>\n<p>\n    <a href=\"https:\/\/alexpolis.gr\/visitalexpolis\/\">\n        <blockquote class=\"wp-embedded-content\" data-secret=\"1bsGxxmFyZ\"><a href=\"https:\/\/alexpolis.gr\/visitalexpolis\/\">\u0391\u03c1\u03c7\u03b9\u03ba\u03ae \u0395\u03c0\u03b9\u03c3\u03ba\u03ad\u03c0\u03c4\u03b7<\/a><\/blockquote><iframe loading=\"lazy\" class=\"wp-embedded-content\" sandbox=\"allow-scripts\" security=\"restricted\" style=\"position: absolute; visibility: hidden;\" title=\"&#8220;\u0391\u03c1\u03c7\u03b9\u03ba\u03ae \u0395\u03c0\u03b9\u03c3\u03ba\u03ad\u03c0\u03c4\u03b7&#8221; &#8212; \u0394\u03ae\u03bc\u03bf\u03c2 \u0391\u03bb\u03b5\u03be\u03b1\u03bd\u03b4\u03c1\u03bf\u03cd\u03c0\u03bf\u03bb\u03b7\u03c2\" src=\"https:\/\/alexpolis.gr\/visitalexpolis\/embed\/#?secret=5h0gMOAlxP#?secret=1bsGxxmFyZ\" data-secret=\"1bsGxxmFyZ\" width=\"600\" height=\"338\" frameborder=\"0\" marginwidth=\"0\" marginheight=\"0\" scrolling=\"no\"><\/iframe>\n    <\/a>\n<\/p>\n<p>\n    <strong>Ramada Plaza by Wyndham Thraki<\/strong>\n<\/p>\n<p>\n    <a\n        href=\"https:\/\/www.wyndhamhotels.com\/ramada\/alexandroupolis-greece\/ramada-plaza-thraki\/overview\"\n    >\n        https:\/\/www.wyndhamhotels.com\/ramada\/alexandroupolis-greece\/ramada-plaza-thraki\/overview\n    <\/a>\n<\/p>\n<p>\n    <strong>Google Map \u2013 Ramada Plaza by Wyndham  Thraki<\/strong>\n<\/p>\n<p>\n    <a\n        href=\"https:\/\/www.google.com\/maps\/place\/Ramada+Plaza+by+Wyndham+Thraki\/@40.8548592,25.8510278,14z\/data=!4m9!3m8!1s0x14b21ca254093e55:0xfb564134a43473dc!5m2!4m1!1i2!8m2!3d40.8518802!4d25.8122424!16s%2Fg%2F1tf4bb1m?entry=ttu\"\n    >\n        https:\/\/www.google.com\/maps\/place\/Ramada+Plaza+by+Wyndham+Thraki\/@40.8548592,25.8510278,14z\/data=!4m9!3m8!1s0x14b21ca254093e55:0xfb564134a43473dc!5m2!4m1!1i2!8m2!3d40.8518802!4d25.8122424!16s%2Fg%2F1tf4bb1m?entry=ttu\n    <\/a>\n<\/p>\n<p>\n    <strong><\/strong>\n<\/p>\n<p>\n    <strong>City of Komotini<\/strong>\n<\/p>\n<p>\n    <a href=\"https:\/\/komotini.gr\/\">https:\/\/komotini.gr<\/a>\n<\/p>\n<p>\n    <strong><\/strong>\n<\/p>\n<p>\n    <strong>City of Xanthi<\/strong>\n<\/p>\n<p>\n    <a href=\"https:\/\/www.cityofxanthi.gr\/\">https:\/\/www.cityofxanthi.gr<\/a>\n<\/p>\n<p>\n    <strong><\/strong>\n<\/p>\n<p>\n    <strong>City of Kavala<\/strong>\n<\/p>\n<p>\n    <a href=\"https:\/\/kavala.gov.gr\/\">https:\/\/kavala.gov.gr<\/a>\n<\/p>\n<p>\n    <strong><\/strong>\n<\/p>\n<p>\n    <strong><\/strong>\n<\/p>\n<p>\n    <strong>Intercity Bus  Service (KTEL)<\/strong>\n<\/p>\n<p>\n    <strong><\/strong>\n<\/p>\n<p>\n    <strong>Alexandroupolis<\/strong>\n<\/p>\n<p>\n    https:\/\/ktelevrou.gr\n<\/p>\n<p>\n    <strong>Kavala<\/strong>\n<\/p>\n<p>\n    https:\/\/www.ktelkavalas.gr\n<\/p>\n<p>\n    Komotini\n<\/p>\n<p>\n    <a href=\"https:\/\/ktelrodopis.gr\/\">https:\/\/ktelrodopis.gr<\/a>\n<\/p>\n<p>\n    <strong>Xanthi<\/strong>\n<\/p>\n<p>\n    <blockquote class=\"wp-embedded-content\" data-secret=\"XQfwf1slDk\"><a href=\"http:\/\/www.ktelxanthis.gr\/iperastika-dromologia\/\">\u03a5\u03c0\u03b5\u03c1\u03b1\u03c3\u03c4\u03b9\u03ba\u03ac \u0394\u03c1\u03bf\u03bc\u03bf\u03bb\u03cc\u03b3\u03b9\u03b1<\/a><\/blockquote><iframe loading=\"lazy\" class=\"wp-embedded-content\" sandbox=\"allow-scripts\" security=\"restricted\" style=\"position: absolute; visibility: hidden;\" title=\"&#8220;\u03a5\u03c0\u03b5\u03c1\u03b1\u03c3\u03c4\u03b9\u03ba\u03ac \u0394\u03c1\u03bf\u03bc\u03bf\u03bb\u03cc\u03b3\u03b9\u03b1&#8221; &#8212; \u03a5\u03c0\u03b5\u03c1\u03b1\u03c3\u03c4\u03b9\u03ba\u03cc \u039a\u03a4\u0395\u039b \u039e\u03ac\u03bd\u03b8\u03b7\u03c2\" src=\"http:\/\/www.ktelxanthis.gr\/iperastika-dromologia\/embed\/#?secret=XQfwf1slDk\" data-secret=\"XQfwf1slDk\" width=\"600\" height=\"338\" frameborder=\"0\" marginwidth=\"0\" marginheight=\"0\" scrolling=\"no\"><\/iframe>\n<\/p>\n<p>\n    <strong>Thessaloniki Bus Station<\/strong>\n<\/p>\n<p>\n    <a href=\"https:\/\/ktelmacedonia.gr\/en\/home\/\">\n        https:\/\/ktelmacedonia.gr\/en\/home\/\n    <\/a>\n<\/p>\n<p>\n    <strong><\/strong>\n<\/p>\n<p>\n    <strong>Airports<\/strong>\n<\/p>\n<p>\n    <strong>\n        Alexandroupolis Airport (Free shuttle  from Ramada Plaza Hotel)\n    <\/strong>\n<\/p>\n<p>\n    <a href=\"https:\/\/alxd.gr\/\">https:\/\/alxd.gr<\/a>\n<\/p>\n<p>\n    <strong>Kavala Airport<\/strong>\n<\/p>\n<p>\n    https:\/\/www.kva-airport.gr\/el\n<\/p>\n<p>\n    <strong>Thessaloniki Airport<\/strong>\n<\/p>\n<p>\n    <a href=\"https:\/\/www.skg-airport.gr\/en\">https:\/\/www.skg-airport.gr\/en<\/a>\n<\/p>\n<p>\n    <strong><\/strong>\n<\/p>\n<p>\n    <strong>Taxi<\/strong>\n<\/p>\n<p>\n    <strong>Alexandroupolis<\/strong>\n<\/p>\n<p>\n    <a href=\"https:\/\/taxiaxd.gr\/\">https:\/\/taxiaxd.gr<\/a>\n<\/p>\n<p>\n    <strong>Komotini<\/strong>\n<\/p>\n<p>\n    https:\/\/radiotaxikomotinis.business.site\/?utm_source=gmb&#038;utm_medium=referral\n<\/p>\n<p>\n    <strong>Thessaloniki Airport \u2013 Alexandroupolis<\/strong>\n<\/p>\n<p>\n    <a href=\"https:\/\/taxithess.gr\/en\/taxi-thessaloniki-airport-alexandroupoli\/\">\n    https:\/\/taxithess.gr\/en\/taxi-thessaloniki-airport-alexandroupoli\/<\/a>\n<\/p>\n<p>\n    <strong><\/strong>\n<\/p>\n<p>\n    <strong>Emergency  number 112<\/strong>\n<\/p>\n<p>\n    <strong><\/strong>\n<\/p>\n<p>\n    <strong><\/strong>\n<\/p>\n<p>\n    <strong>Museums<\/strong>\n<\/p>\n<p>\n    <strong>Archaeological Museum of Alexandoupolis<\/strong>\n<\/p>\n<p>\n    <a\n        href=\"https:\/\/archaeologicalmuseums.gr\/en\/museum\/62da42be99cd6e19473f7d82\/archaeological-museum-of-alexandroupolis\"\n    >\n        https:\/\/archaeologicalmuseums.gr\/en\/museum\/62da42be99cd6e19473f7d82\/archaeological-museum-of-alexandroupolis\n    <\/a>\n<\/p>\n<p>\n    <strong>Ethnological Museum of  Thrace, Alexandroupolis<\/strong>\n<\/p>\n<p>\n    <a href=\"https:\/\/emthrace.org\/\">https:\/\/emthrace.org<\/a>\n<\/p>\n<p>\n    <strong>Museums in Kavala<\/strong>\n<\/p>\n<p>\n    <a href=\"https:\/\/www.visitkavala.gr\/apolause\/mouseia\/\">\n        <blockquote class=\"wp-embedded-content\" data-secret=\"Hgi153LiGZ\"><a href=\"https:\/\/www.visitkavala.gr\/apolause\/mouseia\/\">\u039c\u03bf\u03c5\u03c3\u03b5\u03af\u03b1<\/a><\/blockquote><iframe loading=\"lazy\" class=\"wp-embedded-content\" sandbox=\"allow-scripts\" security=\"restricted\" style=\"position: absolute; visibility: hidden;\" title=\"&#8220;\u039c\u03bf\u03c5\u03c3\u03b5\u03af\u03b1&#8221; &#8212; Visit Kavala\" src=\"https:\/\/www.visitkavala.gr\/apolause\/mouseia\/embed\/#?secret=WZnH4e9KgJ#?secret=Hgi153LiGZ\" data-secret=\"Hgi153LiGZ\" width=\"600\" height=\"338\" frameborder=\"0\" marginwidth=\"0\" marginheight=\"0\" scrolling=\"no\"><\/iframe>\n    <\/a>\n<\/p>\n<p>\n    <strong>Archaeological Museum of Komotini<\/strong>\n<\/p>\n<p>\n    <a\n        href=\"https:\/\/archaeologicalmuseums.gr\/en\/museum\/5df34af3deca5e2d79e8c147\/archaeological-museum-of-komotini\"\n    >\n        https:\/\/archaeologicalmuseums.gr\/en\/museum\/5df34af3deca5e2d79e8c147\/archaeological-museum-of-komotini\n    <\/a>\n<\/p>\n<p>\n    <strong>Other Museums in Komotini<\/strong>\n<\/p>\n<p>\n    <a href=\"https:\/\/komotini.gr\/istoria-politismos\/moyseia\">\n        https:\/\/komotini.gr\/istoria-politismos\/moyseia\n    <\/a>\n<\/p>\n<p>\n    <strong>Archaeological Museum of Thessaloniki<\/strong>\n<\/p>\n<p>\n    <a href=\"https:\/\/www.amth.gr\/\">https:\/\/www.amth.gr<\/a>\n<\/p>\n<p>\n    <strong>\n        Folklife and Ethnological Museum of  Macedonia \u2013 Thrace, Thessaloniki\n    <\/strong>\n    <strong><\/strong>\n<\/p>\n<p>\n    <a href=\"http:\/\/www.lemmth.gr\/welcome\">http:\/\/www.lemmth.gr\/welcome<\/a>\n<\/p>\n<p>\n    <strong>ORGANISERS<\/strong>\n<\/p>\n<p>\n    <strong>\n        Department of Languages, Literature and  Culture of the Black Sea\n        Countries, Democritus University of Thrace\n    <\/strong>\n<\/p>\n<p>\n    <a href=\"https:\/\/bscc.duth.gr\/\">https:\/\/bscc.duth.gr<\/a>\n<\/p>\n<p>\n    <strong>\n        D\u00e9partement des Antiquit\u00e9s grecques,  \u00e9trusques et romaines, Mus\u00e9e du\n        Louvre\n    <\/strong>\n<\/p>\n<p>\n    <a\n        href=\"https:\/\/www.louvre.fr\/recherche-et-conservation\/departement-des-antiquites-grecques-etrusques-et-romaines\"\n    >\n        https:\/\/www.louvre.fr\/recherche-et-conservation\/departement-des-antiquites-grecques-etrusques-et-romaines\n    <\/a>\n<\/p>\n<p>\n    <strong>SPONSORS<\/strong>\n<\/p>\n<p>\n    <strong>City of Alexandroupolis<\/strong>\n<\/p>\n<p>\n    <a href=\"https:\/\/alexpolis.gr\/visitalexpolis\/\">\n        <blockquote class=\"wp-embedded-content\" data-secret=\"1bsGxxmFyZ\"><a href=\"https:\/\/alexpolis.gr\/visitalexpolis\/\">\u0391\u03c1\u03c7\u03b9\u03ba\u03ae \u0395\u03c0\u03b9\u03c3\u03ba\u03ad\u03c0\u03c4\u03b7<\/a><\/blockquote><iframe loading=\"lazy\" class=\"wp-embedded-content\" sandbox=\"allow-scripts\" security=\"restricted\" style=\"position: absolute; visibility: hidden;\" title=\"&#8220;\u0391\u03c1\u03c7\u03b9\u03ba\u03ae \u0395\u03c0\u03b9\u03c3\u03ba\u03ad\u03c0\u03c4\u03b7&#8221; &#8212; \u0394\u03ae\u03bc\u03bf\u03c2 \u0391\u03bb\u03b5\u03be\u03b1\u03bd\u03b4\u03c1\u03bf\u03cd\u03c0\u03bf\u03bb\u03b7\u03c2\" src=\"https:\/\/alexpolis.gr\/visitalexpolis\/embed\/#?secret=5h0gMOAlxP#?secret=1bsGxxmFyZ\" data-secret=\"1bsGxxmFyZ\" width=\"600\" height=\"338\" frameborder=\"0\" marginwidth=\"0\" marginheight=\"0\" scrolling=\"no\"><\/iframe>\n    <\/a>\n<\/p>\n<p>\n    <strong>DELTA TV<\/strong>\n<\/p>\n<p>\n    <a href=\"https:\/\/deltatv.gr\/\">https:\/\/deltatv.gr<\/a>\n<\/p>\n<p>\n    <strong>E-Evros<\/strong>\n<\/p>\n<p>\n    <a href=\"https:\/\/www.e-evros.gr\/\">https:\/\/www.e-evros.gr<\/a>\n<\/p>\n<p>\n    <strong>LIVE  STREAMING OF CONFERENCE<\/strong>\n<\/p>\n<p>\n    <a href=\"https:\/\/www.e-evros.gr\/\">https:\/\/www.e-evros.gr<\/a>\n<\/p>\n","protected":false},"excerpt":{"rendered":"<p>City of Alexandroupolis \u0391\u03c1\u03c7\u03b9\u03ba\u03ae \u0395\u03c0\u03b9\u03c3\u03ba\u03ad\u03c0\u03c4\u03b7 Ramada Plaza by Wyndham Thraki https:\/\/www.wyndhamhotels.com\/ramada\/alexandroupolis-greece\/ramada-plaza-thraki\/overview Google Map \u2013 Ramada Plaza by Wyndham Thraki https:\/\/www.google.com\/maps\/place\/Ramada+Plaza+by+Wyndham+Thraki\/@40.8548592,25.8510278,14z\/data=!4m9!3m8!1s0x14b21ca254093e55:0xfb564134a43473dc!5m2!4m1!1i2!8m2!3d40.8518802!4d25.8122424!16s%2Fg%2F1tf4bb1m?entry=ttu City of Komotini https:\/\/komotini.gr City of Xanthi https:\/\/www.cityofxanthi.gr City of Kavala https:\/\/kavala.gov.gr Intercity Bus Service (KTEL) Alexandroupolis https:\/\/ktelevrou.gr Kavala https:\/\/www.ktelkavalas.gr Komotini https:\/\/ktelrodopis.gr Xanthi \u03a5\u03c0\u03b5\u03c1\u03b1\u03c3\u03c4\u03b9\u03ba\u03ac \u0394\u03c1\u03bf\u03bc\u03bf\u03bb\u03cc\u03b3\u03b9\u03b1 Thessaloniki Bus Station https:\/\/ktelmacedonia.gr\/en\/home\/ Airports Alexandroupolis Airport (Free shuttle from &hellip; <\/p>\n","protected":false},"author":20,"featured_media":0,"parent":0,"menu_order":0,"comment_status":"closed","ping_status":"closed","template":"","meta":{"footnotes":""},"class_list":["post-170","page","type-page","status-publish","hentry"],"_links":{"self":[{"href":"https:\/\/homerne.hs.duth.gr\/index.php\/wp-json\/wp\/v2\/pages\/170","targetHints":{"allow":["GET"]}}],"collection":[{"href":"https:\/\/homerne.hs.duth.gr\/index.php\/wp-json\/wp\/v2\/pages"}],"about":[{"href":"https:\/\/homerne.hs.duth.gr\/index.php\/wp-json\/wp\/v2\/types\/page"}],"author":[{"embeddable":true,"href":"https:\/\/homerne.hs.duth.gr\/index.php\/wp-json\/wp\/v2\/users\/20"}],"replies":[{"embeddable":true,"href":"https:\/\/homerne.hs.duth.gr\/index.php\/wp-json\/wp\/v2\/comments?post=170"}],"version-history":[{"count":1,"href":"https:\/\/homerne.hs.duth.gr\/index.php\/wp-json\/wp\/v2\/pages\/170\/revisions"}],"predecessor-version":[{"id":171,"href":"https:\/\/homerne.hs.duth.gr\/index.php\/wp-json\/wp\/v2\/pages\/170\/revisions\/171"}],"wp:attachment":[{"href":"https:\/\/homerne.hs.duth.gr\/index.php\/wp-json\/wp\/v2\/media?parent=170"}],"curies":[{"name":"wp","href":"https:\/\/api.w.org\/{rel}","templated":true}]}}